)?
0
Let l(f) = 4*f - 20. What is the units digit of l(11)?
4
Suppose 4*a - a - 54 = 0. Suppose 49 - 1 = 4*v. Let z = a - v. What is the units digit of z?
6
What is the tens digit of -108*3*1/(-3)?
0
Let q = -12 + 18. Suppose 0 = j + 5, -31 = 2*v - q*v + 3*j. What is the units digit of (v/(-6))/((-12)/54)?
3
Suppose h - 13 = -4*u, 3*h + u - 16 = 1. Suppose h*q = -m + 5, 4*q = -q - 2*m. Let a = q + 6. What is the units digit of a?
8
Suppose 3*k - 2*s + 5 - 46 = 0, 4*k - s = 58. What is the tens digit of (-5)/k - 55/(-3)?
1
Suppose -c = -2*c + 8. What is the units digit of c/(-24)*51*-1?
7
Let t be (0 - -1)/(4/656). Suppose -y - 7*j + 19 = -2*j, 4*y - 2*j = t. What is the tens digit of y?
3
Suppose -2*d + d - 7 = -2*c, 1 = -c. What is the tens digit of (-168)/d + (-2)/(-6)?
1
Suppose 4*c = -c + 70. Suppose 2*p + 2*p - 20 = g, -g - c = -3*p. What is the units digit of p?
6
What is the units digit of (-80104)/(-342) + 1/9*-2?
4
Let w(n) = 3 + 5 - 2 + n. Let q be w(0). Let m = q - -2. What is the units digit of m?
8
Let g(k) = 20*k**2 - 2*k. What is the units digit of g(1)?
8
What is the tens digit of 3 - ((-278)/3)/(2/3)?
4
Let l(j) = 2*j**2 + 6*j + 1. Let d be l(-4). Suppose 3*o = -3 + d. Suppose o*p = 1 + 1. What is the units digit of p?
1
Let h be (12/(-9))/(6/(-9)). Suppose -h*i + 1 = -i. What is the units digit of 1 + 1 + 3 + i?
6
Let l(v) be the first derivative of -3*v**2/2 - 3*v - 4. What is the units digit of l(-4)?
9
Suppose -2*q + 2 + 0 = -j, -20 = 3*j + q. Suppose -7*b = -3*b + 8. Let d = b - j. What is the units digit of d?
4
Let h = 182 + -78. What is the tens digit of h?
0
Let p = 56 + -37. What is the tens digit of p?
1
Let o be 2/7 - 156/(-42). Suppose -o*f - 15 = f. Let h = -2 - f. What is the units digit of h?
1
Let l(j) = -7*j - 6. What is the tens digit of l(-4)?
2
Let u = -6 - -8. Let a be -3*1*(-4)/6. Suppose 0 = -2*b - a*s + s + 2, 2 = -b - u*s. What is the units digit of b?
2
Let v(o) = o**3 + 5*o**2 + 5*o + 2. Let d be v(-3). Let a = d - 0. Suppose -a*l + 9 = -1. What is the units digit of l?
2
Suppose -4*t = -v - 300, 7*v - 2*v = 2*t - 132. What is the units digit of t?
6
Let x = 7 + -5. Let p = -1 + 4. Suppose -p = x*r - 5. What is the units digit of r?
1
Suppose -3*s + 6*y - 2*y = -55, 3*s + 3*y = 69. Suppose -4*h + 5 = -5*i + 59, -i + 26 = 3*h. Let l = s - i. What is the units digit of l?
7
Let i(n) = -3*n. Let a be i(-2). Let l(b) = -a - b**3 + 6 - b + 3*b**2. What is the units digit of l(2)?
2
What is the units digit of 1*-1 - (-84 + 4 + -1)?
0
Suppose -n = 2*n - 2*d, 2*d - 10 = -2*n. What is the units digit of 1 - ((-2 - 4) + n)?
5
Let n = -1 + -9. Let w = -7 + 22. What is the units digit of 6/w + (-26)/n?
3
Let a(p) = -5*p**2 - 4 + 2*p**2 + 4 + 4*p - 7. Let t(y) = 4*y**2 - 4*y + 8. Let n(z) = 5*a(z) + 4*t(z). What is the units digit of n(-6)?
9
Suppose -q + 23 + 9 = 2*l, -4*l + 16 = 0. What is the units digit of 3/(28/q + -1)?
8
Suppose -8 = -0*k - 2*k, 36 = 4*i + 5*k. Suppose -5 = -i*t + 43. Suppose -t + 4 = -2*s. What is the units digit of s?
4
Suppose -3*c + 4*j = c - 20, 5*j = -c - 7. Let a be (-362)/(-10) + (-5)/25. Suppose c*r = -r + a. What is the units digit of r?
9
Let g be -2 - -4*(1 + 0). What is the units digit of g/((-147)/51 - -3)?
7
Suppose 5*i - 5 = 2*i - 5*t, 0 = -5*i + 2*t - 2. Let v = 5 - 3. Suppose -2*b + v = i, -2*m - 5*b - 49 = -5*m. What is the units digit of m?
8
Suppose 2*v = -0*v + 8. What is the units digit of ((-10)/v)/5*-2?
1
Suppose -50 = 5*r - 140. What is the tens digit of r?
1
Let m be (0 - -2)/(-2) - -3. Suppose -2*r + 23 = -n, -34 = -m*r + 5*n - 7. What is the tens digit of r?
1
Suppose p = -p + 6. Suppose 2*r = p*m - 2*r - 177, 3*m - r - 177 = 0. What is the units digit of m?
9
Suppose -6 - 14 = 5*w. What is the tens digit of 22 + -2*(-6)/w?
1
Let t(d) = -96*d - 25. What is the hundreds digit of t(-3)?
2
Let i be -1*(-1)/((-3)/3). Let j(x) = -3*x + 1. What is the units digit of j(i)?
4
Let y = 9 - -4. Let d = -7 + y. What is the units digit of d?
6
Suppose -5*p + 28 - 3 = 0. Let z(c) = 4 + 6*c**2 - 7*c**2 - 2 + p*c. What is the units digit of z(4)?
6
Let s be ((-2)/(-6))/(1/3). Let b = 15 + s. Let c = b + -7. What is the units digit of c?
9
Let r be (-3 + 1)*7/(-2). Let c = 10 - r. Suppose -19 = -c*s - 4*j, -2*s + 5*j = -0*j + 18. What is the units digit of s?
1
Let j(t) = 9*t - 11. What is the units digit of j(5)?
4
Let c = 120 - -90. What is the tens digit of c?
1
Let m(k) = -k - 5. Let b be m(-6). Suppose 0 = -y - 0*y + b. What is the units digit of y?
1
What is the hundreds digit of (1 - 5) + (-330)/(-2)?
1
Let q(j) = j**2 + 6*j + 2. Let a be q(-7). Let i = -6 + a. Suppose 4 = w - i*h, -2*h = 3*w - 0*w - 1. What is the units digit of w?
1
Let p(f) = 12*f**2 - 10*f - 5. What is the tens digit of p(3)?
7
What is the hundreds digit of (-1806)/(-12) - 4/(-8)?
1
Let r be ((-16)/5)/((-2)/(-10)). Let q = 29 + r. What is the tens digit of q?
1
Let a = 69 + 249. What is the units digit of a?
8
Let w = -7 + 16. Let h(q) = q + 5. What is the tens digit of h(w)?
1
Let d(g) = -268*g - 18. What is the hundreds digit of d(-1)?
2
Suppose -2*q + 61 = f, q - 23 = -5*f + 2*f. What is the tens digit of q?
3
What is the tens digit of (2 - 6) + 27 + -4?
1
Suppose -12 = 3*w, -5*r + w + 6 = -13. Let o = r - -10. What is the units digit of o?
3
Let p(m) = m. Let g be p(2). Suppose g*z - l - 53 = 0, 13 = z + l - 6. What is the tens digit of z?
2
Let c = 8 + 31. What is the tens digit of c?
3
Let x(p) = 70*p**3 + 1. What is the units digit of x(1)?
1
Let k = -7 - -44. What is the units digit of k?
7
What is the units digit of -12*(1/4 + (-201)/36)?
4
Suppose 0 = -4*p + 12*p - 1192. What is the tens digit of p?
4
Suppose 0 = 5*t - 3*v + 47, -2*t - 12 - 11 = 3*v. Let g = 19 + t. What is the units digit of g?
9
Let p be (-8)/20 - 364/(-10). Suppose n - 11 = -3*i - 3, 5*i = 4*n + p. Suppose -2*y - i*k + 5*k + 14 = 0, -26 = -4*y + k. What is the units digit of y?
6
Let d(q) be the third derivative of q**4/24 - 2*q**2. Let j be d(-2). What is the units digit of (2/(-5))/(j/10)?
2
Suppose 5*q - 2*q = 540. What is the tens digit of q?
8
Let w = 96 - 52. What is the units digit of w?
4
Suppose 131 = 2*s - 85. What is the hundreds digit of s?
1
Suppose 2*o - 23 = 21. What is the tens digit of o?
2
Suppose 0 = 2*m - 15 - 27. Suppose k + d - 11 = -2*d, 2*k - m = -5*d. What is the units digit of k?
8
What is the units digit of (-2 + (1 - -141))/2?
0
Let z(r) = -5*r**2 - r. Suppose 0 = -4*s - 4*t + 12, 0 = -s - 0*t + 5*t - 21. Let a be z(s). Let f = -3 - a. What is the units digit of f?
1
Suppose 0*o + 265 = 5*o. What is the units digit of o?
3
Let v be (-1)/(2 + (-7)/4). Suppose z = 2 - 4. What is the units digit of v - -3 - (z + -2)?
3
Let n be (564/(-10))/(10/(-25)). Suppose -4*u = c - 171, 5*u + 5*c = 2*u + n. What is the tens digit of u?
4
Suppose 0 = -3*c + 4*u - 0 + 4, c = u + 1. Let w be c + (-7)/((-7)/(-6)). Let o = -3 - w. What is the units digit of o?
3
Let a be (-1*9)/((-18)/12). Suppose 0 = -3*u - 6 - a. Let o(r) = r**3 + 6*r**2 + 5*r + 4. What is the tens digit of o(u)?
1
Let i = 23 + 67. What is the units digit of i?
0
Let f(x) = x**3 - x**2 + 305. What is the units digit of f(0)?
5
Suppose -1353 = -3*n - 4*g + 101, 3*n - g = 1459. Let x = -182 + n. What is the tens digit of 3/(-15) + x/20?
1
Suppose -2*u = -2*k - 4, -3*u - 4*k + 0*k = -13. What is the units digit of u?
3
Let f(a) = 0*a**2 - a**2 - 3*a - 17 + 20 + 0*a. What is the units digit of f(-3)?
3
Suppose -2*o + 3 = o. Suppose -4*p - 30 = -v, -v - 4*p - 3 = -o. What is the tens digit of v?
1
Suppose 0 = 2*m + 2*m - 4. Let j(c) = 54*c**3 + 2*c**2 + c - 2. What is the units digit of j(m)?
5
Let w be 3*(-2)/(-3) - -3. Let d(a) = -a**2 + 7*a. Let i be d(w). Let c = -3 + i. What is the units digit of c?
7
Suppose 2*s + 17 = -5*b - 8, -4*s - 80 = 4*b. Let o = 37 + s. What is the tens digit of o?
1
Let h = 13 + -8. Suppose 60 = h*g + 3*n, -n + 0*n + 32 = 3*g. What is the units digit of g?
9
Let w be (322/7)/(2 + 0). Let q = 49 - w. What is the tens digit of q?
2
Suppose -5*c + 768 = 3*p - 2*c, 5*c + 25 = 0. What is the tens digit of p?
6
What is the units digit of (-10)/(-30) - (-1)/((-3)/(-17))?
6
Let x(k) = k + 23. What is the units digit of x